0001494.
2, 3, 7129, 93281
What are the prime factors of 66258402?
2, 3, 7, 83, 229
List the prime factors of 59854640.
2, 5, 748183
List the prime factors of 51829780.
2, 5, 563, 4603
List the prime factors of 3958338205.
5, 107, 7398763
What are the prime factors of 263199924?
2, 3, 13, 43261
List the prime factors of 48269215.
5, 19, 508097
List the prime factors of 106882216.
2, 7, 1908611
What are the prime factors of 90182730?
2, 3, 5, 11, 273281
List the prime factors of 155354580.
2, 3, 5, 863081
What are the prime factors of 28736308?
2, 7184077
What are the prime factors of 28431485?
5, 5686297
List the prime factors of 979089753.
3, 326363251
What are the prime factors of 121528631?
7, 17, 547, 1867
What are the prime factors of 14822260?
2, 5, 311, 2383
List the prime factors of 785459901.
3, 5209, 50263
List the prime factors of 224282544.
2, 3, 4672553
What are the prime factors of 272363452?
2, 68090863
List the prime factors of 149647661.
2767, 54083
List the prime factors of 620114114.
2, 739, 419563
What are the prime factors of 3836063674?
2, 1918031837
What are the prime factors of 327497133?
3, 157, 695323
List the prime factors of 1718559346.
2, 7, 122754239
List the prime factors of 36860662.
2, 3011, 6121
List the prime factors of 3756182257.
19, 131, 79427
What are the prime factors of 1284535657?
17, 29, 383, 6803
List the prime factors of 49960051.
49960051
What are the prime factors of 328145338?
2, 164072669
List the prime factors of 80470819.
11, 13, 37, 67, 227
What are the prime factors of 39713908?
2, 13, 241, 3169
What are the prime factors of 1468961432?
2, 17, 337, 32051
What are the prime factors of 73958104?
2, 11, 76403
What are the prime factors of 154646484?
2, 3, 17, 758071
List the prime factors of 81649234.
2, 5011, 8147
What are the prime factors of 6428248?
2, 67, 179
What are the prime factors of 390183618?
2, 3, 11, 149, 3607
What are the prime factors of 1817782117?
19, 1973, 48491
List the prime factors of 130274117.
3271, 39827
What are the prime factors of 20470070?
2, 5, 41, 49927
What are the prime factors of 6196726184?
2, 11, 70417343
What are the prime factors of 205996434?
2, 3, 7, 269, 18233
List the prime factors of 33288220.
2, 5, 7, 47, 5059
List the prime factors of 31074088.
2, 3884261
What are the prime factors of 1727347884?
2, 3, 143945657
List the prime factors of 134902671.
3, 44967557
What are the prime factors of 3007066352?
2, 17, 11055391
What are the prime factors of 477368474?
2, 11, 179327
What are the prime factors of 4315274652?
2, 3, 13, 27662017
List the prime factors of 183563322.
2, 3, 23, 181, 7349
List the prime factors of 32681223.
3, 31, 41, 2857
List the prime factors of 727793899.
7, 23, 79, 57221
What are the prime factors of 374113359?
3, 389, 106859
What are the prime factors of 375587501?
373, 1006937
What are the prime factors of 355602925?
5, 14224117
List the prime factors of 96467170.
2, 5, 9646717
List the prime factors of 6660622840.
2, 5, 166515571
What are the prime factors of 68391445?
5, 13678289
List the prime factors of 28395600.
2, 3, 5, 23663
List the prime factors of 25999210.
2, 5, 283, 9187
List the prime factors of 165697207.
13, 79, 161341
List the prime factors of 39371841.
3, 607, 7207
What are the prime factors of 134268905?
5, 31, 137, 6323
List the prime factors of 2746046945.
5, 37, 1621, 9157
List the prime factors of 98984296.
2, 193, 64109
List the prime factors of 1913749352.
2, 449, 532781
What are the prime factors of 2569238903?
7, 11, 97, 157, 313
What are the prime factors of 370413833?
17, 227, 95987
What are the prime factors of 1288336629?
3, 19, 29, 137, 5689
What are the prime factors of 22502565?
3, 5, 500057
What are the prime factors of 4310586?
2, 3, 7, 34211
What are the prime factors of 89980994?
2, 44990497
List the prime factors of 1164061288.
2, 13, 11192897
What are the prime factors of 106720811?
106720811
What are the prime factors of 1521848922?
2, 3, 11, 4241, 5437
What are the prime factors of 6440231054?
2, 821, 3922187
List the prime factors of 327998734.
2, 7, 461, 50821
List the prime factors of 703312024.
2, 8191, 10733
What are the prime factors of 3010006430?
2, 5, 47, 6404269
List the prime factors of 918759505.
5, 53, 59, 58763
What are the prime factors of 476756777?
7, 167, 407833
List the prime factors of 330741731.
330741731
What are the prime factors of 137804610?
2, 3, 5, 31, 71, 2087
List the prime factors of 451424337.
3, 7, 13, 283, 5843
What are the prime factors of 122423561?
13, 131, 71887
List the prime factors of 12287290.
2, 5, 23, 41, 1303
List the prime factors of 34998101.
31, 71, 15901
List the prime factors of 145291063.
71, 2046353
List the prime factors of 87965190.
2, 3, 5, 131, 829
What are the prime factors of 967047698?
2, 483523849
What are the prime factors of 2726140903?
109, 1289, 19403
What are the prime factors of 2966784553?
2966784553
List the prime factors of 402860855.
5, 80572171
List the prime factors of 510989015.
5, 557, 183479
List the prime factors of 3285320331.
3, 1095106777
What are the prime factors of 3259471?
3259471
List the prime factors of 56483011.
13, 61, 5479
List the prime factors of 259458758.
2, 13, 9979183
List the prime factors of 1500782674.
2, 241, 263, 11839
List the prime factors of 314446532.
2, 101, 778333
What are the prime factors of 71137224?
2, 3, 61, 5399
List the prime factors of 130159670.
2, 5, 13015967
List the prime factors of 1745327461.
1327, 1315243
What are the prime factors of 47652254?
2, 13, 140983
List the prime factors of 2968265859.
3, 13, 76109381
What are the prime factors of 218235113?
109, 2002157
What are the prime factors of 1224830729?
1224830729
List the prime factors of 20631548.
2, 7, 105263
What are the prime factors of 2950466885?
5, 277, 967, 2203
What are the prime factors of 162942356?
2, 109, 373721
List the prime factors of 65314094.
2, 233, 140159
List the prime factors of 4628667355.
5, 13, 4289, 16603
What are the prime factors of 219915386?
2, 19, 5787247
List the prime factors of 168103965.
3, 5, 193, 58067
List the prime factors of 1101722205.
3, 5, 67, 73, 15017
List the prime factors of 16175800.
2, 5, 31, 2609
List the prime factors of 180106411.
180106411
What are the prime factors of 1166550435?
3, 5, 25923343
What are the prime factors of 1677334882?
2, 83, 10104427
List the prime factors of 130747907.
43, 3040649
List the prime factors of 337241997.
3, 1721, 21773
List the prime factors of 1381483243.
7, 197354749
What are the prime factors of 153917017?
59, 2608763
What are the prime factors of 1196398?
2, 7, 97, 881
What are the prime factors of 97665438?
2, 3, 13, 31, 239
What are the prime factors of 4546583?
227, 20029
What are the prime factors of 184036183?
919, 200257
What are the prime factors of 1106577195?
3, 5, 19, 53, 73259
What are the prime factors of 782973533?
2179, 359327
List the prime factors of 2085219342.
2, 3, 139, 379, 733
List the prime factors of 109843751.
2143, 51257
What are the prime factors of 1058492428?
2, 7, 2777, 13613
List the prime factors of 266429004.
2, 3, 31, 83, 8629
List the prime factors of 590593417.
590593417
What are the prime factors of 76240264?
2, 9530033
What are the prime factors of 3075991895?
5, 31, 19845109
What are the prime factors of 31259832?
2, 3, 1302493
What are the prime factors of 15342346?
2, 37, 207329
What are the prime factors of 333913839?
3, 7, 23, 691333
List the prime factors of 139441630.
2, 5, 293, 47591
What are the prime factors of 133860421?
133860421
List the prime factors of 1384036561.
1384036561
What are the prime factors of 3635882207?
181, 1601, 12547
List the prime factors of 1629951.
3, 311, 1747
What are the prime factors of 4184799014?
2, 11, 7411, 25667
What are the prime factors of 1670792917?
1670792917
What are the prime factors of 1429099895?
5, 41, 6971219
What are the prime factors of 3477289788?
2, 3, 7, 19, 113, 6427
What are the prime factors of 7831202?
2, 3915601
List the prime factors of 60850654.
2, 19, 937, 1709
What are the prime factors of 515685338?
2, 7, 61, 603847
List the prime factors of 142562545.
5, 821, 34729
List the prime factors of 2065941590.
2, 5, 53, 3898003